
What is 3 (base 10) in base 16?
3
What is -10020 (base 3) in base 9?
-106
-114 (base 8) to base 12
-64
What is -29 (base 10) in base 12?
-25
What is -31 (base 16) in base 10?
-49
211 (base 3) to base 9
24
-122 (base 5) to base 6
-101
What is 3 (base 10) in base 3?
10
What is 24 (base 5) in base 11?
13
Convert 14 (base 9) to base 13.
10
-432 (base 7) to base 13
-13b
Convert 23 (base 10) to base 8.
27
Convert 4 (base 5) to base 13.
4
-1011 (base 2) to base 6
-15
What is -10 (base 3) in base 11?
-3
Convert 12 (base 8) to base 7.
13
What is 3 (base 10) in base 4?
3
1 (base 16) to base 12
1
Convert 19 (base 12) to base 15.
16
2 (base 6) to base 4
2
1032 (base 4) to base 11
71
Convert 0 (base 9) to base 6.
0
What is a5 (base 16) in base 15?
b0
Convert -14 (base 7) to base 9.
-12
What is 36 (base 7) in base 4?
123
Convert -2 (base 8) to base 4.
-2
Convert 2 (base 12) to base 4.
2
What is 34 (base 15) in base 2?
110001
1 (base 8) to base 13
1
Convert 10 (base 3) to base 8.
3
What is -66 (base 11) in base 16?
-48
43 (base 13) to base 4
313
4 (base 9) to base 3
11
Convert 1100100 (base 2) to base 12.
84
Convert -104 (base 6) to base 14.
-2c
-12 (base 11) to base 5
-23
c (base 14) to base 12
10
-3 (base 9) to base 2
-11
-20 (base 10) to base 4
-110
What is -e0 (base 16) in base 7?
-440
What is 8b (base 12) in base 2?
1101011
-13 (base 14) to base 2
-10001
Convert -b (base 12) to base 8.
-13
7 (base 15) to base 12
7
-154 (base 6) to base 12
-5a
-1a (base 15) to base 2
-11001
161 (base 8) to base 9
135
Convert -204 (base 7) to base 14.
-74
Convert -4 (base 12) to base 8.
-4
-14 (base 8) to base 10
-12
Convert -10101 (base 2) to base 15.
-16
What is 2 (base 7) in base 11?
2
What is 20 (base 15) in base 11?
28
What is -4a (base 11) in base 3?
-2000
Convert 14 (base 12) to base 8.
20
What is 1 (base 4) in base 8?
1
What is -140 (base 5) in base 8?
-55
-bb (base 12) to base 13
-b0
Convert 102 (base 3) to base 11.
10
9 (base 13) to base 3
100
Convert 19 (base 15) to base 7.
33
What is -8 (base 14) in base 8?
-10
Convert 16 (base 16) to base 3.
211
What is -26 (base 12) in base 11?
-28
12 (base 13) to base 6
23
-6 (base 7) to base 11
-6
Convert 14 (base 11) to base 16.
f
Convert -12 (base 4) to base 11.
-6
What is 10 (base 7) in base 11?
7
What is 2 (base 16) in base 15?
2
What is 13 (base 9) in base 16?
c
-22 (base 3) to base 15
-8
1 (base 10) to base 6
1
0 (base 9) to base 2
0
24 (base 7) to base 6
30
1 (base 11) to base 5
1
5 (base 8) to base 7
5
11 (base 11) to base 15
c
Convert 0 (base 11) to base 3.
0
-2 (base 11) to base 14
-2
0 (base 2) to base 3
0
Convert 32 (base 13) to base 16.
29
-2013 (base 4) to base 14
-99
What is 1 (base 6) in base 8?
1
What is -82 (base 10) in base 16?
-52
What is -203 (base 11) in base 13?
-15b
3 (base 16) to base 10
3
-58 (base 13) to base 15
-4d
Convert -3 (base 9) to base 7.
-3
What is -6 (base 13) in base 7?
-6
What is 123 (base 6) in base 4?
303
Convert 12 (base 6) to base 13.
8
What is -100001101 (base 2) in base 3?
-100222
10 (base 8) to base 5
13
What is 22 (base 9) in base 2?
10100
Convert 11 (base 4) to base 15.
5
-103 (base 14) to base 7
-403
Convert 0 (base 10) to base 3.
0
What is 19 (base 11) in base 10?
20
-61 (base 14) to base 10
-85
-111 (base 2) to base 6
-11
What is -83 (base 16) in base 6?
-335
Convert 1 (base 16) to base 4.
1
Convert -146 (base 7) to base 4.
-1103
-14 (base 12) to base 6
-24
Convert 22 (base 15) to base 14.
24
12102 (base 3) to base 5
1041
-62 (base 8) to base 10
-50
Convert -4 (base 14) to base 7.
-4
118 (base 9) to base 8
142
What is -1140 (base 5) in base 15?
-b5
What is 4 (base 6) in base 14?
4
Convert 3 (base 16) to base 4.
3
1000 (base 2) to base 16
8
Convert 2 (base 10) to base 14.
2
-1020 (base 4) to base 6
-200
What is -1232 (base 5) in base 6?
-520
124 (base 9) to base 7
205
What is -4 (base 7) in base 5?
-4
Convert 10 (base 11) to base 15.
b
Convert -18 (base 9) to base 7.
-23
Convert -1 (base 11) to base 12.
-1
425 (base 7) to base 2
11010111
Convert -4 (base 16) to base 12.
-4
3 (base 13) to base 11
3
Convert 32 (base 4) to base 16.
e
What is -18 (base 16) in base 4?
-120
1 (base 3) to base 6
1
3 (base 11) to base 3
10
What is b8 (base 12) in base 7?
260
What is 10 (base 7) in base 8?
7
What is -4 (base 14) in base 3?
-11
-58 (base 9) to base 15
-38
-3 (base 16) to base 11
-3
Convert 4 (base 16) to base 12.
4
1 (base 5) to base 11
1
-22 (base 11) to base 10
-24
1 (base 14) to base 6
1
-1 (base 8) to base 14
-1
1 (base 3) to base 4
1
What is -11 (base 12) in base 4?
-31
What is 1 (base 9) in base 16?
1
What is 322 (base 5) in base 2?
1010111
Convert -20 (base 15) to base 6.
-50
What is -45 (base 9) in base 2?
-101001
da (base 15) to base 16
cd
-221 (base 4) to base 12
-35
Convert 1 (base 10) to base 2.
1
Convert -302 (base 5) to base 7.
-140
10 (base 3) to base 5
3
22 (base 8) to base 10
18
1010011 (base 2) to base 14
5d
What is 5 (base 15) in base 7?
5
What is 31 (base 4) in base 6?
21
a (base 16) to base 14
a
Convert -39 (base 13) to base 14.
-36
-4 (base 8) to base 11
-4
-8 (base 10) to base 14
-8
What is -8 (base 14) in base 12?
-8
Convert -3 (base 16) to base 11.
-3
Convert -250 (base 7) to base 3.
-11221
21 (base 4) to base 12
9
-122 (base 6) to base 7
-101
Convert 10 (base 2) to base 3.
2
-24 (base 11) to base 9
-28
What is 52 (base 9) in base 4?
233
-1 (base 9) to base 11
-1
Convert -1 (base 9) to base 13.
-1
What is -11 (base 8) in base 5?
-14
-42 (base 6) to base 3
-222
What is -13 (base 10) in base 4?
-31
Convert -d0 (base 15) to base 8.
-303
Convert 110 (base 10) to base 5.
420
bc (base 13) to base 14
b1
What is -9 (base 13) in base 3?
-100
4 (base 10) to base 16
4
-5 (base 16) to base 7
-5
Convert 55 (base 7) to base 13.
31
116 (base 9) to base 2
1100000
Convert -214 (base 6) to base 7.
-145
-101000 (base 2) to base 4
-220
Convert -23 (base 10) to base 13.
-1a
Convert 310 (base 5) to base 7.
143
What is 1 (base 10) in base 4?
1
-8 (base 10) to base 14
-8
Convert -7 (base 9) to base 15.
-7
-77 (base 13) to base 5
-343
1 (base 5) to base 4
1
Convert 0 (base 7) to base 3.
0
-30 (base 10) to base 13
-24
10 (base 3) to base 6
3
Convert b (base 14) to base 2.
1011
What is -11 (base 3) in base 12?
-4
Convert -3 (base 8) to base 13.
-3
Convert 3 (base 4) to base 5.
3
Convert 344 (base 6) to base 7.
253
Convert 123 (base 9) to base 10.
102
Convert -11 (base 4) to base 7.
-5
Convert c (base 14) to base 12.
10
10111 (base 2) to base 4
113
What is 102122 (base 3) in base 16?
13a
What is -5c (base 14) in base 8?
-122
Convert 42 (base 10) to base 9.
46
-1000 (base 2) to base 9
-8
-54 (base 15) to base 14
-59
Convert 34 (base 7) to base 15.
1a
Convert 1 (base 3) to base 15.
1
Convert 4 (base 15) to base 5.
4
Convert 23 (base 13) to base 2.
11101
What is -40 (base 14) in base 10?
-56
Convert 3 (base 13) to base 16.
3
What is 1 (base 5) in base 4?
1
125 (base 7) to base 16
44
Convert -f (base 16) to base 15.
-10
-1 (base 14) to base 15
-1
Convert -3 (base 12) to base 14.
-3
61 (base 13) to base 8
117
Convert 1 (base 4) to base 12.
1
What is -2 (base 4) in base 2?
-10
Convert 31 (base 10) to base 8.
37
What is 351 (base 7) in base 15?
c3
What is -1 (base 15) in base 6?
-1
What is 4 (base 13) in base 5?
4
What is 4 (base 9) in base 4?
10
What is 46 (base 15) in base 4?
1002
What is -1 (base 5) in base 3?
-1
13 (base 12) to base 13
12
Convert -18 (base 11) to base 12.
-17
3f (base 16) to base 14
47
What is -1 (base 4) in base 3?
-1
Convert -3 (base 15) to base 9.
-3
What is -2 (base 4) in base 5?
-2
Convert 200 (base 5) to base 13.
3b
2 (base 15) to base 2
10
What is -12 (base 3) in base 2?
-101
Convert -b (base 12) to base 3.
-102
-11 (base 12) to base 16
-d
21 (base 8) to base 5
32
Convert -2 (base 11) to base 13.
-2
What is 4 (base 16) in base 12?
4
e (base 15) to base 14
10
-190 (base 13) to base 16
-11e
What is 11011101 (base 2) in base 10?
221
Convert 2 (base 14) to base 16.
2
What is 1100 (base 2) in base 4?
30
-53 (base 11) to base 12
-4a
Convert 10 (base 8) to base 11.
8
Convert -110 (base 2) to base 4.
-12
What is -12 (base 4) in base 10?
-6
What is 0 (base 6) in base 5?
0
What is -244 (base 8) in base 9?
-202
Convert -103 (base 5) to base 8.
-34
What is -11 (base 4) in